t + 59*t. What is the units digit of t?
6
What is the units digit of (22/40 + 59/(-1180))*21022?
1
Suppose 3*s - 6 = 3*k, -3*s - k + 8 = -6. Suppose 10*q + s*a - 94 = 9*q, -5*a = 0. What is the units digit of q?
4
Let c be -2 - ((-3210)/11 + (-10)/55). Let p = c - -43. What is the units digit of p?
3
Suppose 5*l - 32 = -17. Suppose -2*s - 74 = -s - 3*y, 2*s + l*y + 139 = 0. Let g = s + 178. What is the hundreds digit of g?
1
Suppose -5*k - 4*i + 25 = 0, 6*k - 2*k - i = -1. What is the units digit of (605/22)/(k/2)?
5
Suppose 20*m = m + 38. Suppose m*w + 1290 = g + 29, 2*w = 2*g - 2530. What is the tens digit of g?
6
Let p(z) = 252*z - 171. What is the units digit of p(6)?
1
Let m be 2 - (0 + 4 - 4). Suppose -3*x - d = d - 88, m*x - 4*d - 48 = 0. Suppose -5*l + x + 167 = 0. What is the tens digit of l?
3
Suppose 0 = -15*n + 115388 - 699923. What is the tens digit of 2/(-5 - n/7791)?
1
Let p = 120 - 121. What is the hundreds digit of (270 - 38) + (p - 4)?
2
Suppose 5*u + 235 = 4*p + p, 3*p - u = 137. Suppose 40*o - p*o - 100 = 0. Let h = 124 + o. What is the units digit of h?
4
Suppose -60612 = -202*b + 196*b. Suppose 10730 = 21*d - b. What is the hundreds digit of d?
9
Suppose -2*m + 10 = 0, -5*m - 270184 + 91881 = -4*j. What is the tens digit of j?
8
Suppose 2*z - 9*z - 168 = 0. Let t(p) = -p**2 - 27*p - 34. What is the tens digit of t(z)?
3
Let u be -1 - 82 - -2 - -1. Suppose 68*l - 72*l + 448 = 0. Let b = u + l. What is the tens digit of b?
3
Let l(d) = -102*d**2 - 8*d - 6. Let a be l(7). Suppose 0 = -3*g + 2*y - 78, 4*g = -y - 181 + 88. What is the tens digit of a/g - (-2)/12?
1
Let y(g) = 3*g**2 - 4*g - 5. Let w = -44 - -41. Let x be y(w). Suppose -4*z - 2*m = -x, -4*m - m + 43 = 4*z. What is the units digit of z?
7
Let o(z) = -z + 1. Let v be o(13). Let d be (-2 + v/(-5))/(2/80). What is the hundreds digit of (-20)/d*(-302)/5*2?
1
Let h = 16 - 14. Let m(t) = -1 + 3*t**h - 5*t**2 - t - 2*t**3 + 11*t**2. What is the units digit of m(4)?
1
Suppose f - h = 69, f + 3*f + 5*h = 258. Let w = f - -359. Suppose 0*x - 6*x = -w. What is the tens digit of x?
7
Let r(f) = -f - 2*f - f + 1 + f**3 + 11 - 4*f**2. Let l be r(8). Suppose 0 = -3*x - 4*c + l, -2*x - 49 + 213 = -4*c. What is the tens digit of x?
8
Let u = 8611 + -4379. What is the hundreds digit of u?
2
What is the hundreds digit of 7622397/378 - (56/(-7))/(-112)?
1
Let z = -13 - -16. Suppose z*u = -2*u, -5*u = 4*l - 280. Suppose -l - 128 = -2*b. What is the units digit of b?
9
What is the units digit of (-2 - -6049) + 0/(8*1/4)?
7
Let d(m) = m**3 + 8*m**2 + 2*m + 18. Let l be d(-8). Let v be (1 - (-12)/(-8))*4 + l. What is the tens digit of 113 + (-3 - v)*1?
1
Let r be 308/(-10) + (-3)/30*-8. Let z = r - -40. Let g(j) = j**2 + 6*j - 34. What is the tens digit of g(z)?
2
Let r(l) be the second derivative of l**5/20 + l**3/3 + 14*l**2 - 67*l + 1. What is the hundreds digit of r(7)?
3
Suppose 191*t = -60*t + 6351053. What is the units digit of t?
3
Suppose -16*f + 21*f - 5200 = 0. Let t = f + -737. What is the tens digit of t?
0
Let t = -463 - -883. Suppose 1746 = 6*w - t. Let y = 538 - w. What is the units digit of y?
7
Let b = -465 + 153. Let o = b + 528. What is the hundreds digit of o?
2
Let r(n) = -2*n + 7. Let a(v) = -v - 1. Let q(j) = 2*a(j) + r(j). Let k = -6 + -3. What is the tens digit of q(k)?
4
Suppose 4*z - 292 = -4*q + 26628, -3*q = -4*z - 20225. What is the hundreds digit of q?
7
Let f(o) = 2*o + 32. Let j be f(-14). Suppose 3*h - 4098 + 255 = -j*r, -4*r + h = -3823. Suppose 12*s - s = r. What is the tens digit of s?
8
Let x(c) = -32 + 1847*c**2 - 923*c**2 + 22*c - 916*c**2. What is the hundreds digit of x(9)?
8
Let g = 79 - 76. Let y be (g*(-16)/(-12) + 0)*-1. What is the tens digit of 1/y + (-6)/((-144)/2118)?
8
Suppose 4*p + 347*h + 24 = 351*h, h - 4 = 0. Let d(z) be the second derivative of -9*z**5/20 - z**4/4 + z**3/6 + 3*z**2/2 - z. What is the tens digit of d(p)?
6
Let g(x) = -178*x - 42 - 17 - 17 - 3 + 26*x. What is the units digit of g(-4)?
9
What is the units digit of 56013 - (-279 + -9)/18?
9
Let p = 56 - 52. Suppose -2*w + 5 = p*a + 49, 5*a - 2*w + 37 = 0. Let z = a - -274. What is the tens digit of z?
6
What is the thousands digit of 9/((-1215)/(-10)) + 2560727/459?
5
Let l = 859 + -586. Let b(v) = -2*v**2 + 68*v + 73. Let d be b(35). Suppose d*p - y - l = -4*y, -5*p = 2*y - 446. What is the units digit of p?
8
Suppose 0 = -12*t - 4320 + 552. Let q = 62 - t. What is the tens digit of q?
7
Let q be (-1)/2 - 20/40. Let s = q - -106. What is the hundreds digit of s?
1
Suppose 3*j = j + 6. Suppose -5*w - 4*d + j + 357 = 0, 2*d = 3*w - 194. What is the tens digit of 18275/w - 2/(-8) - 1?
6
Suppose -8*h + 4*h + 5*z + 71306 = 0, 0 = 5*h - 2*z - 89141. Suppose -h = -29*y + 9373. What is the hundreds digit of y?
9
Let x(y) = 5*y**3 + 2*y**2 - 3*y - 1. Let j be x(1). Suppose j*b - 1989 = -552. What is the units digit of b?
9
Suppose d = 5*k - 1198, 3*d + 5*k + 2467 = -1207. Let c = d + 2554. What is the tens digit of c?
3
Suppose 0 = -8*y + 1123 + 493. Suppose 2*w - 210 - y = 0. Let i = -143 + w. What is the tens digit of i?
6
Let i be -1 + ((-18)/(-2))/(7/462). Let q = i + 199. Suppose -h = 7*h - q. What is the units digit of h?
9
Suppose -303454 + 49166 = -16*s. What is the thousands digit of s?
5
Let k(l) = -88*l + 1037. What is the units digit of k(-51)?
5
Let r(o) = -o**2 + 12*o - 6. Let z be r(11). Let h be 10/(-12)*-27*4/5. What is the units digit of 90/h*132/z?
2
Suppose 3*d - 38 - 1693 = 0. Suppose 0 = -2*f + 2*w - 201 + 773, -2*f + d = -w. What is the units digit of f?
1
Let p(v) = -6*v**2 + 2*v + 47. Let w(m) = -30*m**2 + 9*m + 235. Let b(s) = -11*p(s) + 2*w(s). What is the hundreds digit of b(-8)?
3
Let q be (-6)/(-9) - (-1666)/3. What is the tens digit of q/(-7)*(80 - 87)?
5
Suppose -g + 108 = g. Let c = -55 + g. What is the tens digit of (2 - -80)*c/(-2)?
4
Suppose -282656 - 751928 = -158*a. What is the units digit of a?
8
Suppose 0 = -5*h - 33 + 43. Suppose -v + 667 + 536 = -h*l, -5*v + 3*l = -6022. What is the hundreds digit of v?
2
Let x = 455 - 268. Let f = x + -84. Let q = -72 + f. What is the tens digit of q?
3
Suppose -830 = -0*j - j. Let t be 12/(-9)*-21*480/(-384). What is the units digit of 7*(-4 - j/t)?
8
Let u(g) = -5*g**2 - 4*g. Let f be u(-4). Let h = f - -67. What is the hundreds digit of (-1)/(h/(-408)) - (3 - 1)?
1
What is the thousands digit of (-518975)/(-55) - ((7 - 4)/(-33) - 0)?
9
Let r(o) = 6*o**2 + 7*o + 3. Suppose 2*d - 14 = 4*t, 0 = -3*t - d - 12 - 6. What is the units digit of r(t)?
8
Suppose -4*i + 100 = 4*k - 104, 3*k = 5*i + 161. What is the hundreds digit of 2/8 - (-17719)/k?
3
What is the tens digit of (-1 + 2)/(-8) - (-9472606)/2288?
4
Let t be 2656/336 - 4/(-42). Suppose 2419 = t*k - 1181. What is the tens digit of k?
5
Let v(q) = 27 + 13*q - 26 - 50*q. Let g(i) = 4*i - 30. Let u be g(7). What is the tens digit of v(u)?
7
Let h be ((-11)/(-22))/((-1)/(-254)). Let l(o) = -74*o**3 - o + 1. Let n be l(1). Let r = n + h. What is the units digit of r?
3
Let m(x) = -1227*x + 1692. What is the units digit of m(-8)?
8
Suppose 0 = c - 14*c + 6981. What is the tens digit of c + -1 + 0 + -7?
2
Suppose 5*x = n - 8, -2*n - 1 = -x - 8. Suppose 0 = -3*p + 5*p - 2*u - 290, -2*p + n*u = -295. What is the units digit of p?
0
Suppose -5*y - 960 + 10345 = 2*o, 4*o - 18660 = 12*y. What is the tens digit of o?
8
Let q(h) = -9*h - 14. Let n(y) = -9*y - 14. Let r(s) = -2*n(s) + 3*q(s). Let p(x) = 46*x + 70. Let m(g) = 3*p(g) + 16*r(g). What is the tens digit of m(-14)?
7
Let i = 5605 + 1835. Suppose -8*p + 24*p - i = 0. What is the units digit of p?
5
Let r(x) be the first derivative of 4*x**3/3 + 5*x**2/2 - 21*x + 60. What is the hundreds digit of r(10)?
4
Suppose -11*u - 12452 = -34001. What is the hundreds digit of u?
9
Let c(k) = -k**2 + 38*k - 188. Suppose 28 = 39*w - 35*w. What is the tens digit of c(w)?
2
Let u(s) be the third derivative of 5/3*s**3 + 1/120*s**6 + 0*s**4 + 0*s - 21*s**2 + 0 - 3/20*s**5. What is the tens digit of u(10)?
1
Suppose -3*u - 9 = -6*u - 2*w, -4*u + 12 = 4*w. Suppose -2*f = 5*m - 2*m - 2456, 4*m - u*f = 3286. Suppose -m = -41*r + 36*r. What is the units digit of r?
4
Let z(l) be the third derivative of 23*l**6/360 -